74) + 11
63
What is the value of (451 - 511) + (18 - 1)?
-43
What is the value of -14 + -53 - -26 - -78?
37
What is 5 + (41 - (-27 - -6))?
67
Calculate -3 + 1 + (60 - 67) + 58.
49
-13 + 55 + (-23 - (-16 + 16)) + -43
-24
What is 32 - 14 - 29 - 42?
-53
(102 - 100) + (-8 - 18)
-24
86 - 40 - (-63 + 124)
-15
What is the value of -159 + 192 - (-5 - 10)?
48
Calculate (54 - 8 - -5) + -8 + (13 - 5).
51
-35 - (7 - -1 - (-199 - -221))
-21
Evaluate 8 + 0 + (57 - 58) + (-6 - 2) + -39.
-40
What is ((-3 - -15 - -6) + -12 - -7) + 2?
15
-1 + (-3 - -17 - 9 - (23 + -24))
5
Evaluate 24 + -2 - (115 - 32) - -12.
-49
What is 8 + -101 + 66 + 54?
27
(0 - 6 - (22 + -21 - 41) - 0) + -1
33
What is 7 - -81 - (927 - 775)?
-64
Calculate 18 + -109 + 124 + (28 - 0).
61
Calculate 2 + (-21 + 3 - (-18 - -11)).
-9
-22 + 7 - (-11 - (12 - (0 - -11)))
-3
Calculate (18 - (3 - 1)) + 54 - -7 - 20.
57
((-8 - -2) + -3 - -1) + 32 + -15 + 46
55
Calculate 54 - (-6 - -10) - (-36 + (10 - -13)).
63
Evaluate 49 - (2 - (-7 + -18 - -19)).
41
What is 17 + 24 + -6 + -20 + 1?
16
What is 231 + -225 + -15 + -1 + 64?
54
Calculate (1 - 56) + (-118 + 180 - 91).
-84
8 + 27 + -11 + -45 + 14
-7
Evaluate -1 + 40 + (1585 - 1705) - (-13 + -1).
-67
Calculate (-211 - -196) + (3 - (-8 - -53)).
-57
-86 - (-197 + -64 + 137)
38
Calculate (-29 - -16) + 22 - 32 - -18.
-5
30 - (35 + 6 + -110)
99
Evaluate -1 + -3 + 30 + -23 + (-1 - -10) - 96.
-84
Evaluate 6 + 27 + -9 - 89 - 4.
-69
Evaluate 131 + 70 + -92 + -124.
-15
Calculate (-40 - -24 - -59) + -23.
20
What is the value of (-2 - -4) + -9 + -44 + 28 + 2?
-21
149 - 83 - (-13 - -14 - 10)
75
What is 49 + -98 - (-22 + 4)?
-31
-44 + 1 + (6175 - 6201)
-69
Evaluate (12 - 13 - 18) + 69 - 16.
34
(2 - (19 - -60)) + 7 + -7 + 18
-59
-48 + 41 - (-12 + -11 + (43 - 3))
-24
What is the value of -19 + (-61 - 12 - -57)?
-35
What is the value of (0 - (-7 + -11 - -2 - -11)) + 22?
27
What is -5 + -41 - (-933 - -914)?
-27
Calculate (27 - 46) + -29 + 5 + -8.
-51
Calculate (97 - (-25 + 34) - (-5 - 1)) + 5 + -8.
91
Calculate -22 + (-54 - -18) - -24.
-34
What is (-93 - (4 + -6 + -3)) + (-22 - -84) + -63?
-89
Evaluate -61 + (-73 - -123) + 9 + -1.
-3
What is -2 - (10 + 6 - (-56 - 23) - -11)?
-108
-11 - (-19 + -68) - 42
34
6 - 1 - (-1402 + 1324)
83
Evaluate -87 + 6 + 68 - 63.
-76
Calculate (0 - (-6 - 0 - -4)) + (37 - (12 - -96)).
-69
What is (63 - -1) + 34 + -19?
79
What is the value of -56 - 4 - 1 - (-5 + -8 - -1)?
-49
Calculate -107 + 5 + -15 + 20 - (2 + -4 + 1).
-96
What is 0 + 62 + 1736 + -1762 - -9?
45
What is 34 + -33 - (-27 + 1 + 40 + -44 - 6)?
37
What is the value of -18 + 30 + -6 + 6?
12
Evaluate 3 + -8 + 30 - (-17 + (8 - -19)).
15
13 + (-23 - (-5 + -11) - -10)
16
Evaluate 3 + 0 + 48 + -1088 + 1087.
50
Evaluate 47 - (-73 + 91 - -104).
-75
What is 2 + (-1 - 50) - (15 + (-31 - -13))?
-46
Evaluate 95 + 92 + -134 + -105.
-52
-20 + (-35 - -89) + (-1 - 1)
32
What is the value of (2 - 24) + 96 + -65?
9
Evaluate 2 - (-26 - -19) - (3 - -8 - 7).
5
Evaluate (1 - -3 - (-21 - (-35 - -9))) + 21.
20
Evaluate -85 - (-56 + 9) - 30.
-68
-17 + -15 + -19 + (-18 - -9) + 0
-60
What is (72 - 112 - -98) + -12?
46
Calculate -2 - 0 - -21 - (510 - 476).
-15
What is the value of (74 - (-1 + (-5 - (7 - 13)))) + -12?
62
28 + 1 + 0 + (-114 - (-224 - -118))
21
-7 - ((-43 - -53) + 24 + 4)
-45
Calculate 1013 - 1097 - (-45 - 2).
-37
What is the value of (24 - (-5 + -17 - (20 - 30) - -24)) + 47?
59
What is (-24 - -9 - 9) + 45?
21
Calculate 17 + 24 + -128 - (7 + -1).
-93
What is the value of 4 + 6 - (-6 - (-2 - 8) - 14 - 9)?
29
What is the value of -56 + 37 + 24 + (0 - 76)?
-71
Evaluate (-5 - -37 - -21) + -93.
-40
(105 - 108 - (3 - 0)) + 0 + 12 + 5
11
Evaluate 66 + (75 - 145) + 32 + 2 + -2.
28
What is -12 - (15 + (-6 - (-1 + -4) - -10))?
-36
What is the value of (17 - 13) + (7 - 6 - -10) + -33?
-18
-1047 - -924 - (-6 - 9 - (-1 + -3))
-112
What is -53 + (24 + -22 - 32) + (2 - -11)?
-70
What is 13 - ((26 - 6) + -1) - (-40 - 1)?
35
What is the value of (3 - -7) + -17 + (-14 + 3 - -10)?
-8
What is the value of 139 + (-73 - (-74 - 1))?
141
Evaluate -23 - ((22 - -37 - 47) + 0 + -24).
-11
Evaluate -27 - (-1 + -17 - (-73 + 67)).
-15
What is (-13 - -33) + 2 - (-4 - 12) - 7?
31
What is the value of 34 + -49 + 28 + 14 + -6?
21
Evaluate 14 + -3 - (-1 - (-5 - (59 + 8 + -9))).
-51
Calculate 12 + (12 - -3) + (-1 - (1 + -1 - -1)).
25
What is -12 + 18 + 5 + 72 + 3 + -11 - -9?
84
What is (-24 - 27) + 39 - 41?
-53
Calculate -88 + 5 + 1 + (-15 - (-14 - 10)).
-73
Calculate 9 + -14 + 7 + (2 - 55) + -9.
-60
What is -6 + 16 + (10 - 21 - 7)?
-8
Calculate 1 + -6 - (-5 - (11 + -17)) - (-8 + -9).
11
Evaluate 0 + -16 + (43 - (-29 + 56)) - -43.
43
What is 1202 + -1207 - (26 + -2) - 33?
-62
Calculate 0 + -5 - (46 - -5 - (-50 + 67)).
-39
Calculate (-4 - -1) + 104 + 6 - (-32 + 87 + -47).
99
Evaluate -40 + 0 - (2126 + -2127).
-39
What is the value of 2 - 1 - (19 + (-52 - -21) - (-1 - 59))?
-47
Calculate (-16 + (16 + -38 - -19) - 0) + -35.
-54
(74 + -4 + 23 - (9 + 10)) + 2
76
Evaluate 9 + 5 + (99 - (1 - -6)) + 8.
114
Calculate (-4 - (-5 - 4) - (7 + -49)) + 0.
47
What is the value of (119 - 113) + 4 + -13?
-3
What is the value of 18 + (17 - (20 - 8) - 2) - -10?
31
What is 6 + (-21 - -28 - (-2 + (-1 - 4 - -67)))?
-47
What is 2694 + -2656 + (-1 - -4) - (0 - -12 - 1)?
30
Calculate 71 + -2 + 1 - 4 - (-72 + 68).
70
(17 - -44) + (509 - 462)
108
What is the value of 8858 - 8727 - (-2 - 18)?
151
Evaluate 58 + -51 - 52 - 27.
-72
Calculate -18 - (-161 + 129 + -104).
118
What is 381 + -386 - (-18 + -4 + 8 + -3)?
12
What is 57 + (-101 - -59) + -44 + 0?
-29
Evaluate 26 + 0 - (-116 + 106) - -11 - (-4 + 13).
38
What is -39 - ((6 - 26) + -38 - 12)?
31
What is the value of -165 + -1 + 3 + 3 + (20 - 11) - -13?
-138
Evaluate 11 - (12 + (11 - 22)) - 23 - -14.
1
Evaluate 13 + (-3 - (-7 + 33)) - (20 + 2).
-38
Calculate 204 - (83 + -11) - 68.
64
9 + 1 + 13 - (2 - -83)
-62
What is the value of 11 - (-26 + 63 + -18)?
-8
Evaluate (-19 - -10) + 13 - (9 - 26).
21
What is the value of (-1 - -14) + -110 + 32 + 103?
38
What is -25 + -48 + 76 + -2 + 11?
12
What is 3 - -1 - 20 - ((-40 - 10) + 65)?
-31
Evaluate 37 + (1 - (-3 + (22 - 30))).
49
What is the value of 59 - (-29 + (-10 - -69))?
29
67 + (-67 - (-21 + -35))
56
What is the value of (1 - -1) + (1 - -11 - (28 - (-2 - -27)))?
11
What is (56 - (2 - -11 - 15 - 3)) + -8?
53
32 + -11 - (-8 + 0) - 21
8
What is the value of (-4 + 0 + -17 - -17) + -4 + 60 + 0?
52
Evaluate -15 + 0 - 3 - (0 - (16 - 0 - 22)).
-24
What is the value of 141 - (11 + -55 - -78) - -33?
140
Calculate 3 + -1 + 6 - (27 - 29).
10
Evaluate (15 + -5 + -12 - -3) + -29 - (1 + 8).
-37
Calculate 5 + (43 - (17 + 33)) + 0 + 7.
5
What is -14 + -1 - (2 + 20 + (29 - 40))?
-26
What is -3445 + 3531 - (44 - -2)?
40
Calculate (26 - 18) + -16 + 14 + (-2 - 1) + -59.
-56
Evaluate -1 + -16 + -41 + (-25 + 66 - 47).
-64
Calculate (73 - 52) + (1 - 3) - (-69 + -2).
90
Evaluate -16 - (-4 - -2 - 129 - (-2232 + 2235)).
118
Evaluate (-9 - (30 - 22)) + 8 + 1.
-8
What is 92 + 124 + (-128 - 7)?
81
What is 10 - ((14 - 8) + 5) - -54 - -11?
64
Evaluate 57 + -1 + -144 + 26.
-62
What is the value of 564 + -475 + -1 + -73?
15
What is (-19 - -10) + -24 + -2 + -4?
-39
-26 + -5 + 7 + 11
-13
What is (-16 - 0) + (17 - 17 - -15) + -12 + -6?
-19
What is -136 + -22 + 207 - (-5 + (-3 - -2))?
55
What is the value of (77 - 7) + (-16 - 2) + (-15 - -11)?
48
2 + 1 + -15 + (29 - (-43 - (-30 - 58)))
-28
-3426 - -3434 - (-1 - -2 - (38 + 0))
45
Calculate 2 - (0 - -2) - (-572 - -527 - (21 - -2)).
68
Calculate 17 + 22 + -2 - (-14 - 0 - 7).
58
What is 11 + -8 + -2 + (25 - 22)?
4
Evaluate -22 + 3 - -27 - (0 + (-2 - -14)).
-4
What is the value of -7 + 7 - ((-278 - -277) + 1 + 132)?
-132
Calculate -32 + 7 + 25 + 87 + (-6 - (-2 - -2)).
81
Calculate 5 + -38 + (31 - 6) + -7.
-15
What is (16 - (-62 + 22 + 20)) + -133?
-97
What is -144 - ((23 - 19 - -9) + -15 - 18)?
-124
Calculate -7 - -11 - (0 - (-17 + 52 + -10)).
29
1 + 37 - (29 + -273 + 206)
76
-21 - (-14 - -11) - 11
-29
Calculate -48 + 6 + 204 + -190.
-28
What is -77 - -62 - 4 - (-13 - 0)?
-6
Evaluate (-401 - -391) + (-4 - -3).
-11
What is 44 + 11 + -52 + 1?
4
23 - (46 - -4 - 19) - 3
-11
-20 - (-3 - (9 - (18 - -11)))
-37
(7 + -5 - 4) + 371 + -340
29
What is the value of 10 + (-45 